reatest common factor of t and 8?
4
Suppose 3*u - 2 - 7 = 0, 4*u = -5*p + 107. Calculate the greatest common factor of 133 and p.
19
Suppose 0 = -2*s + 3*s - 117. Calculate the highest common factor of s and 9.
9
Let v be (-4)/(-26) - (-5628)/91. What is the highest common factor of v and 31?
31
Let g(m) = m**2 + 14*m - 24. Let r be g(-17). What is the highest common divisor of 18 and r?
9
Let c(g) = -2*g + 3. Let b be c(-5). Suppose 5*u - 18 = -3, u = -2*o + 29. What is the highest common divisor of b and o?
13
Let f be 4/((-5)/((-170)/4)). What is the greatest common divisor of f and 17?
17
Let v = -4 - -16. Suppose -v = -r + 4. Calculate the highest common divisor of 112 and r.
16
Let y be 8/20 - (-4)/(-10). Suppose y*w = -5*p + 2*w + 27, 0 = -5*p - w + 39. What is the highest common factor of p and 77?
7
Let n = 25 - 0. Let r = 55 - n. Let p be 30*((-1)/(-2))/1. Calculate the greatest common factor of r and p.
15
Suppose 4*r = 4*q + 180, 3*r - q = -0*r + 135. Let i = -27 - -42. Calculate the highest common factor of i and r.
15
Suppose 2*c - 40 = -2*w, -5*c - 49 - 13 = -4*w. What is the greatest common factor of 90 and w?
18
Let l(k) be the third derivative of -k**2 + 1/24*k**4 + 0 + 10/3*k**3 + 0*k. Let u be l(0). What is the greatest common factor of 180 and u?
20
Suppose 3*v = -2*v + 135. What is the greatest common divisor of v and 9?
9
Let x = -147 + 152. Calculate the greatest common divisor of 45 and x.
5
Let r(p) = -p**2 + 9*p + 7. Let c be r(8). Let n be (-1768)/(-13) + 1*-1. What is the highest common divisor of n and c?
15
Let v(u) = 4*u - 5. Let n(o) = -o**3 + 8*o**2 - 8*o + 9. Let s be n(7). Let q be v(s). Calculate the highest common factor of q and 30.
3
Let p be (5*1)/(6/6). Suppose -k + y + 16 - 4 = 0, 48 = p*k + y. Calculate the highest common divisor of k and 25.
5
Suppose 0 = 14*f - 56 - 56. What is the greatest common factor of f and 36?
4
Let j(w) = w + 90. Let g be j(0). Suppose -g = -h - 4*h. What is the greatest common divisor of 144 and h?
18
Let n be (-84)/35*30/(-4). Let l be 0 + -4 - (-3 + 1). Let d be 128 + 4/l*1. What is the highest common factor of d and n?
18
Let v = 39 + -37. What is the greatest common divisor of v and 1?
1
Suppose 3*d = 3*a - 1197, -4*a + a + 1162 = 4*d. Suppose -4*g - 106 = -a. Suppose g + 0 = 4*o. Calculate the greatest common factor of 9 and o.
9
Let f(l) = -1 - 4*l + 0*l**3 - l**2 - 2 - l**3. Let y be f(-2). Let o be 3/(3/1) - -35. Calculate the highest common divisor of y and o.
9
Let f be 4/(-2)*(-266)/19. Calculate the greatest common divisor of 252 and f.
28
Suppose -2*a - 44 = -4*a. Calculate the greatest common divisor of 55 and a.
11
Suppose r = -0 + 24. Suppose -u + 4*u = r. What is the greatest common factor of u and 32?
8
Suppose 6 + 0 = -z + 3*j, -j + 5 = 0. Suppose -14 = -4*v - 2*m, 3*m - 19 = -4. Let w be 2/(v - z/12). Calculate the highest common factor of 40 and w.
8
Suppose -5*i = -0*i - 230. Let c = i + -25. What is the highest common factor of c and 126?
21
Suppose -231 = -3*v - 201. Calculate the greatest common divisor of v and 290.
10
Let g be (1 - -1) + 0/(-4). Let x be 6/(-5)*(-30)/4. Let q = -5 + x. What is the greatest common divisor of q and g?
2
Let j = -80 + 101. What is the greatest common factor of j and 273?
21
Suppose -3 = -4*u + 13. Let q(o) = -4*o + 16. Let f be q(-5). Calculate the greatest common divisor of f and u.
4
Let g(h) = -2*h + 4. Let a(z) = z**2 + 7*z - 3. Let u be a(-8). Let q be g(u). Let s(v) = v + 8. Let l be s(q). What is the greatest common divisor of l and 2?
2
Suppose -15 = 3*k, -3*k - 315 = -2*r - 3*r. What is the greatest common factor of r and 90?
30
Suppose 3*b = -0*b + 30. Let a = -18 + b. Let s = a - -112. Calculate the greatest common divisor of 13 and s.
13
Let g(c) = -c**3 - 7*c**2 - 9*c - 7. Let t be -3 - (-6)/2 - 6. Let r be g(t). Let y be ((-10)/4 + 2)*-22. What is the highest common divisor of r and y?
11
Suppose 101 = 5*c - 174. Calculate the greatest common divisor of 11 and c.
11
Let a be 2*(-2)/(-2)*1. What is the greatest common divisor of 1 and a?
1
Let j be (0 + -1)/((-3)/(-6)). Let w be 118 + j*2/4. Let d be (w/(-15) - 1)*-5. Calculate the greatest common divisor of d and 11.
11
Suppose 5*q - 180 = -0*q. Let y(d) = -d**3 + 5*d**2 + 3*d + 3. Let r be y(5). What is the greatest common factor of q and r?
18
Let p be 4/(-22) + (-624)/(-44). Calculate the greatest common factor of p and 7.
7
Let j be (26 - (-8)/(-4)) + -4. Calculate the highest common divisor of 8 and j.
4
Suppose -5*v = -111 + 6. What is the highest common divisor of v and 14?
7
Let l = 21 + -10. Suppose 0*m - 3 = m. Let h = m - -4. What is the highest common factor of l and h?
1
Suppose 0 = -2*w + 4 - 0. Suppose -2*b + 4*b = 8, 4*c = -w*b + 328. Let m be 1 - 45/(9/(-3)). Calculate the highest common factor of c and m.
16
Let r be 15/2 - 4/(-8). Let n be ((-6)/(-9))/(r/780). Calculate the highest common factor of n and 26.
13
Let g(i) = -i**2 + 3*i + i + 2*i**2. Let j be g(-5). Calculate the highest common divisor of j and 2.
1
Suppose 0 = -0*g - 2*g + 10. Suppose -g*i = -4 - 11. What is the greatest common factor of i and 12?
3
Let h(f) = 5*f**2 - 2*f - 2. Let d = -3 - -1. Let o be h(d). What is the greatest common factor of o and 55?
11
Let p(f) = -f - 7. Let u be p(-12). Suppose 336 = u*n + 96. Calculate the highest common factor of 12 and n.
12
Let z = -29 - -35. Let y(c) = 4*c**2 - 3*c + 3. Let x be y(3). What is the highest common factor of x and z?
6
Let j be 46 - (0 - 0) - 2. Calculate the highest common divisor of j and 11.
11
Let g = 1 - -1. Calculate the highest common divisor of g and 1.
1
Let i(w) = w**3 + 6*w**2 - w - 6. Let r be i(-6). Suppose r*c - 8 = -2*c. What is the highest common divisor of 1 and c?
1
Let y = 84 + -48. Suppose 0 = -8*w + 6*w + y. Calculate the greatest common divisor of w and 144.
18
Suppose 4*k + 2*s + 139 = 519, 0 = 4*k - s - 368. Let r be 2*(-6)/(-4) + k. Let q = r - 51. Calculate the greatest common factor of q and 9.
9
Suppose -2*q + 2 = 12, 3*h + 3*q = 69. Let u = -24 - -24. Let f be 16 - (u/2 - -2). Calculate the highest common divisor of h and f.
14
Suppose p = 1 + 5. What is the greatest common factor of p and 3?
3
Let h(y) = 19*y**2 + y + 1. Let o be h(-1). Calculate the greatest common factor of o and 152.
19
Suppose 0 = 2*g + 4*u - 30, -2*g - 2*u + 38 = -6*u. Calculate the highest common factor of g and 102.
17
Let n = -86 + 142. What is the greatest common divisor of 8 and n?
8
Suppose r - 5*o + 0 = -3, 3*o + 7 = 5*r. Suppose -1 - 3 = -r*j. What is the greatest common divisor of 2 and j?
2
Suppose 0 = -2*b - w + 150, 2*w - 320 = -5*b + 57. What is the greatest common factor of 11 and b?
11
Let k = 0 - 0. Let w = 6 - k. Let i be (-2)/8 + 18/8. Calculate the highest common divisor of w and i.
2
Let i = 3 - -13. Suppose 2 = -b + 2*y - 2, 3*b = -y + 16. Suppose 3*v - 8 = b. What is the greatest common divisor of v and i?
4
Let j = 15 - 10. Suppose -s + j*s - 8 = 0. Let g be s/(2/(-12)*-3). What is the highest common factor of g and 4?
4
Suppose 0 = -5*y - 3*n + 14 + 11, -4*y - 2*n = -22. What is the greatest common divisor of y and 8?
8
Suppose -y = -56 + 4. Suppose 0 = 2*x - 6*x + 52. Calculate the highest common divisor of y and x.
13
Let y(c) = 61*c. Let p be y(-2). Let q = 13 + -3. Let g be (-6)/30 - p/q. What is the highest common divisor of g and 30?
6
Suppose 15 = -2*u - 3*u. Let c = u - -6. Suppose -4 = -2*m + c*z + 89, -z - 181 = -4*m. Calculate the highest common factor of m and 30.
15
Let c(v) = -v**3 + 4*v**2 + 7*v - 7. Let u = 0 - -5. Let s be c(u). Let d = 141 - 132. Calculate the highest common divisor of s and d.
3
Let g = -22 + 58. Calculate the highest common factor of 12 and g.
12
Let n(z) = z - 2. Let f be n(12). Suppose 3*q = -1 + 10. Suppose -q*x + 20 = x. What is the highest common factor of f and x?
5
Let z = 55 + -45. Suppose 0 = 4*y + 16, 3*u = 2*u + 4*y + 66. What is the greatest common factor of z and u?
10
Let a(n) = 20*n - 25. Let f be a(4). What is the greatest common factor of 11 and f?
11
Suppose 3*h + 406 - 1231 = 0. Calculate the highest common factor of h and 25.
25
Suppose 124 = 3*o + o. Suppose y + o = 139. Suppose -3*g + 16 = -20. Calculate the greatest commo